5306216?
True
Does 43 divide 6289954?
True
Does 16 divide 808144?
True
Is 201 a factor of 351032756?
False
Is 43 a factor of 5475104?
True
Is 2796717 a multiple of 77?
True
Does 568 divide 1788236104?
True
Does 5 divide 1039376467?
False
Is 84579496 even?
True
Is 579169715 a multiple of 179?
True
Is 5 a factor of 24279702?
False
Is 8185 a factor of 637169510?
True
Does 91 divide 88334642?
False
Is 18 a factor of 2244771?
False
Does 58 divide 35795164?
True
Is 4 a factor of 16080917?
False
Is 17 a factor of 394149374?
False
Does 954 divide 57248519?
False
Does 475 divide 38424059?
False
Is 157617510 a multiple of 1398?
True
Is 5710062 a multiple of 3293?
True
Is 88259874 a multiple of 198?
False
Is 183462664 a multiple of 314?
True
Is 8524 a factor of 1857383895?
False
Does 62 divide 4595661444?
False
Is 47116129 a multiple of 313?
False
Does 25 divide 152041986?
False
Is 105928308 a multiple of 1278?
True
Is 13613446 a multiple of 224?
False
Does 8 divide 580994263?
False
Does 8259 divide 2116016842?
False
Does 4797 divide 34589768?
False
Does 244 divide 24078468?
False
Does 80 divide 6211772000?
True
Is 410038356 a multiple of 1389?
True
Does 4 divide 1188509772?
True
Is 41449088 even?
True
Is 2669439 a multiple of 37?
True
Is 2768 a factor of 962612728?
False
Does 3 divide 5944113?
True
Does 10 divide 37371678?
False
Is 836 a factor of 422113956?
True
Is 1257 a factor of 3980679682?
False
Is 75 a factor of 177379240?
False
Is 406061000 a multiple of 2514?
False
Is 2886738577 a multiple of 724?
False
Does 1089 divide 652832631?
True
Is 14709942 a multiple of 1513?
False
Is 7 a factor of 38253525?
False
Is 1997 a factor of 1416014113?
False
Is 28 a factor of 6093027?
False
Is 42 a factor of 773673657?
False
Is 18608087 a multiple of 19?
True
Does 31 divide 61492706?
False
Is 91667201 a multiple of 7?
False
Does 213 divide 13780751?
False
Is 552 a factor of 1410658660?
False
Is 9229185 a multiple of 2?
False
Does 3 divide 24923256?
True
Is 7 a factor of 2878753030?
False
Is 3572660 a multiple of 364?
True
Does 40 divide 621459368?
False
Is 54 a factor of 25673986?
False
Is 2888 a factor of 19538583?
False
Is 4886 a factor of 77721602?
True
Is 15180124 a multiple of 8?
False
Is 1954403362 a multiple of 12263?
True
Does 630 divide 282658986?
False
Is 5609439 a multiple of 187?
True
Is 167805495 a multiple of 1287?
True
Is 79 a factor of 15892851?
False
Is 188 a factor of 4684584?
True
Does 20 divide 471081083?
False
Does 18 divide 377041090?
False
Is 75 a factor of 10311600?
True
Is 1452 a factor of 201029962?
False
Does 1154 divide 324145936?
False
Is 41741600 a multiple of 800?
True
Is 21005710 a multiple of 94?
True
Is 469 a factor of 510690026?
False
Is 1589663264 a multiple of 74?
True
Is 462630195 a multiple of 369?
False
Does 87 divide 269137545?
True
Does 1023 divide 2279688747?
False
Is 730 a factor of 124613920?
True
Is 116 a factor of 1176038624?
True
Does 11 divide 3683787?
False
Is 23 a factor of 52685111?
True
Does 2202 divide 267386658?
True
Is 556609856 a multiple of 30?
False
Is 79 a factor of 9760055?
True
Does 8171 divide 29371271?
False
Is 197555364 a multiple of 562?
True
Is 2034 a factor of 226239472?
False
Does 1931 divide 8567456?
False
Is 46089680 a multiple of 338?
True
Is 83658120 a multiple of 140?
True
Does 26 divide 347227?
False
Is 595289903 a multiple of 3948?
False
Is 88422592 a multiple of 1888?
True
Is 966 a factor of 29458622?
False
Does 3265 divide 878732305?
True
Is 25 a factor of 429187908?
False
Is 288971009 a multiple of 1798?
False
Does 37 divide 10227651?
True
Does 16 divide 142190816?
True
Does 525 divide 35823437?
False
Is 1629 a factor of 45296654?
False
Is 5024814792 a multiple of 105?
False
Does 1885 divide 1125100232?
False
Is 84171573 a multiple of 20?
False
Is 67867761 a multiple of 184?
False
Is 10041690 a multiple of 474?
True
Is 110383446 a multiple of 71?
False
Is 2885 a factor of 153193528?
False
Is 1447460491 a multiple of 4353?
False
Does 115 divide 70152385?
False
Does 23 divide 962687125?
False
Is 6811 a factor of 774895266?
False
Is 643 a factor of 19776288?
False
Is 64 a factor of 136042944?
True
Does 3332 divide 785256082?
False
Is 374 a factor of 2548415056?
True
Is 385280927 a multiple of 665?
False
Is 1106 a factor of 203422156?
True
Is 1269 a factor of 182338209?
False
Does 32 divide 32755296?
True
Is 18877440 a multiple of 10?
True
Does 208 divide 825520339?
False
Is 33984845 a multiple of 26?
False
Is 1235323800 a multiple of 72?
True
Is 122997517 a multiple of 154?
False
Does 1258 divide 3656721?
False
Is 8 a factor of 27311480?
True
Is 3598 a factor of 42553546?
True
Is 8 a factor of 252662405?
False
Does 1558 divide 4095054990?
True
Is 310432525 a multiple of 41?
True
Is 406 a factor of 223570025?
False
Does 724 divide 857040068?
True
Does 84 divide 66226400?
False
Does 202 divide 6248038?
False
Is 2306289 even?
False
Is 62580975 a multiple of 1142?
False
Is 65 a factor of 40017315?
True
Is 15 a factor of 1656885815?
False
Is 35025808 a multiple of 428?
True
Is 308 a factor of 1525371848?
True
Is 147 a factor of 1151770431?
True
Does 345 divide 154313325?
True
Is 1039 a factor of 12326696?
True
Is 1611 a factor of 505939846?
False
Does 24 divide 1724202617?
False
Does 19 divide 6502579?
True
Is 3553 a factor of 294334369?
False
Is 31194798 a multiple of 448?
False
Is 201245261 a multiple of 26?
False
Is 7 a factor of 6366282?
False
Is 855 a factor of 103836330?
True
Is 31687569 a multiple of 6?
False
Is 467760396 a multiple of 23?
False
Is 6573600 a multiple of 33?
True
Is 32 a factor of 14476746?
False
Does 554 divide 133014292?
True
Is 113594253 a multiple of 123?
False
Is 7 a factor of 265178243?
False
Is 281127480 a multiple of 212?
False
Is 1148930 a multiple of 4?
False
Is 344 a factor of 1000983584?
True
Is 62080410 a multiple of 19?
True
Is 2310731181 a multiple of 102?
False
Is 86114920 a multiple of 122?
True
Does 489 divide 32400162?
True
Is 31 a factor of 51057?
True
Does 176 divide 211434608?
True
Is 62 a factor of 46118514?
True
Does 5 divide 3380041790?
True
Is 24146720 a multiple of 47?
True
Is 562410428 a multiple of 691?
True
Is 3 a factor of 122977644?
True
Does 790 divide 57380860?
True
Is 21637872 a multiple of 816?
True
Is 50316123 a multiple of 247?
True
Is 436 a factor of 1579203336?
True
Is 466720195 a multiple of 71?
False
Does 614 divide 58177728?
True
Is 165 a factor of 7543601?
False
Is 75803112 a multiple of 1694?
True
Is 853 a factor of 4344821473?
False
Is 181454028 a multiple of 84?
True
Is 506889768 a multiple of 472?
True
Is 140 a factor of 2887231?
False
Is 37 a factor of 1091634976?
True
Is 10 a factor of 21810777?
False
Is 76638380 a multiple of 1105?
True
Does 10 divide 698486503?
False
Does 85 divide 117936990?
True
Does 1301 divide 124350881?
True
Is 975906445 a multiple of 23?
True
Is 113 a factor of 1008228856?
False
Is 271603598 a multiple of 14?
True
Is 16 a factor of 640028368?
True
Is 122 a factor of 358318026?
True
Does 14 divide 5348756?
True
Is 36720661 a multiple of 160?
False
Is 237132274 a multiple of 3?
False
Is 388 a factor of 28200228?
True
Is 145421525 a multiple of 3?
False
Is 374 a factor of 817902844?
True
Does 1416 divide 3061546344?
True
Does 219 divide 95620437?
True
Is 45 a factor of 46818045?
True
Is 40326630 a multiple of 12?
False
Is 1921 a factor of 1127722224?
False
Does 29 divide 242816971?
True
Is 29 a factor of 337908155?
False
Is 449 a factor of 18636499?
False
Is 17 a factor of 19942443?
False
Is 1190632409 a multiple of 12?
False
Is 4204082880 a multiple of 480?
True
Is 1335022338 a multiple of 244?
False
Is 917346908 a multiple of 73?
True
Is 435567 a multiple of 6?
False
Is 74 a factor of 489080015?
False
Does 14 divide 10305680?
True
Is 423684821 a multiple of 79?
True
Is 88 a factor of 32449809?
False
Is 162464731 a multiple of 13?
True
Is 53 a factor of 106374445?
True
Is 15760440 a multiple of 540?
True
Is 64 a factor of 57365440?
True
Is 38 a factor of 31890778?
True
Is 340021346 a multiple of 406?
True
Is 366 a factor of 1275133859?
False
Does 55 divide 26146120?
True
Is 79763858 a multiple of 26?
False
Does 2446 divide 298693492?
False
Is 9 a factor of 140384403?
True
Is 807595354 a multi